of 12834?
8
What is the units digit of 1260?
0
What is the thousands digit of 82310?
2
What is the hundreds digit of 11795?
7
What is the hundreds digit of 1175?
1
What is the units digit of 581?
1
What is the hundreds digit of 315?
3
What is the thousands digit of 15314?
5
What is the tens digit of 558?
5
What is the hundreds digit of 1918?
9
What is the hundreds digit of 17092?
0
What is the hundreds digit of 29572?
5
What is the ten thousands digit of 70824?
7
What is the thousands digit of 29782?
9
What is the thousands digit of 2941?
2
What is the units digit of 18479?
9
What is the thousands digit of 88204?
8
What is the hundreds digit of 6377?
3
What is the tens digit of 16709?
0
What is the tens digit of 976?
7
What is the hundreds digit of 374?
3
What is the units digit of 2077?
7
What is the units digit of 298?
8
What is the hundreds digit of 651?
6
What is the hundreds digit of 2968?
9
What is the tens digit of 16166?
6
What is the units digit of 9875?
5
What is the hundreds digit of 3768?
7
What is the units digit of 485?
5
What is the tens digit of 12627?
2
What is the tens digit of 4341?
4
What is the tens digit of 12257?
5
What is the thousands digit of 20708?
0
What is the hundreds digit of 15466?
4
What is the thousands digit of 10331?
0
What is the hundreds digit of 906?
9
What is the tens digit of 1085?
8
What is the tens digit of 1727?
2
What is the hundreds digit of 866?
8
What is the thousands digit of 3660?
3
What is the hundreds digit of 345?
3
What is the units digit of 87288?
8
What is the hundreds digit of 38822?
8
What is the hundreds digit of 2075?
0
What is the units digit of 81415?
5
What is the units digit of 20119?
9
What is the tens digit of 2078?
7
What is the hundreds digit of 310?
3
What is the units digit of 1712?
2
What is the hundreds digit of 3069?
0
What is the units digit of 27066?
6
What is the tens digit of 591?
9
What is the units digit of 12772?
2
What is the hundreds digit of 31093?
0
What is the units digit of 4385?
5
What is the tens digit of 2058?
5
What is the units digit of 2545?
5
What is the thousands digit of 21843?
1
What is the tens digit of 2565?
6
What is the hundreds digit of 652?
6
What is the hundreds digit of 227?
2
What is the tens digit of 5596?
9
What is the tens digit of 418?
1
What is the tens digit of 5573?
7
What is the hundred thousands digit of 133491?
1
What is the units digit of 26865?
5
What is the units digit of 1377?
7
What is the tens digit of 9001?
0
What is the tens digit of 90?
9
What is the units digit of 37223?
3
What is the units digit of 992?
2
What is the tens digit of 8736?
3
What is the units digit of 80?
0
What is the thousands digit of 10199?
0
What is the units digit of 54138?
8
What is the thousands digit of 2229?
2
What is the hundreds digit of 9271?
2
What is the hundreds digit of 8697?
6
What is the hundreds digit of 5293?
2
What is the ten thousands digit of 35342?
3
What is the units digit of 563?
3
What is the tens digit of 840?
4
What is the units digit of 4676?
6
What is the tens digit of 1627?
2
What is the tens digit of 1646?
4
What is the hundreds digit of 78788?
7
What is the tens digit of 16829?
2
What is the ten thousands digit of 40467?
4
What is the ten thousands digit of 38054?
3
What is the tens digit of 90846?
4
What is the thousands digit of 12836?
2
What is the units digit of 286?
6
What is the tens digit of 77320?
2
What is the ten thousands digit of 14217?
1
What is the hundreds digit of 2475?
4
What is the tens digit of 925?
2
What is the tens digit of 434?
3
What is the tens digit of 6199?
9
What is the hundreds digit of 1949?
9
What is the tens digit of 1417?
1
What is the hundreds digit of 1288?
2
What is the hundreds digit of 5080?
0
What is the units digit of 8389?
9
What is the thousands digit of 2710?
2
What is the ten thousands digit of 27202?
2
What is the hundreds digit of 783?
7
What is the hundreds digit of 133990?
9
What is the ten thousands digit of 10661?
1
What is the hundreds digit of 559?
5
What is the thousands digit of 3698?
3
What is the hundreds digit of 662?
6
What is the units digit of 4204?
4
What is the ten thousands digit of 10046?
1
What is the hundreds digit of 18748?
7
What is the tens digit of 213?
1
What is the tens digit of 843?
4
What is the tens digit of 2236?
3
What is the tens digit of 58678?
7
What is the ten thousands digit of 45336?
4
What is the units digit of 9716?
6
What is the tens digit of 87827?
2
What is the thousands digit of 4517?
4
What is the units digit of 346?
6
What is the tens digit of 301?
0
What is the units digit of 90454?
4
What is the tens digit of 517?
1
What is the tens digit of 9355?
5
What is the units digit of 266?
6
What is the ten thousands digit of 124918?
2
What is the ten thousands digit of 66232?
6
What is the tens digit of 141?
4
What is the tens digit of 4465?
6
What is the ten thousands digit of 11873?
1
What is the tens digit of 20356?
5
What is the units digit of 2634?
4
What is the ten thousands digit of 31919?
3
What is the hundreds digit of 6943?
9
What is the thousands digit of 2813?
2
What is the thousands digit of 6151?
6
What is the tens digit of 43361?
6
What is the hundreds digit of 995?
9
What is the units digit of 3231?
1
What is the thousands digit of 66395?
6
What is the tens digit of 10503?
0
What is the tens digit of 2895?
9
What is the ten thousands digit of 25668?
2
What is the hundreds digit of 55159?
1
What is the hundreds digit of 3457?
4
What is the tens digit of 10039?
3
What is the hundreds digit of 13773?
7
What is the units digit of 2280?
0
What is the tens digit of 2225?
2
What is the tens digit of 15184?
8
What is the units digit of 2142?
2
What is the ten thousands digit of 25182?
2
What is the tens digit of 7475?
7
What is the units digit of 3923?
3
What is the tens digit of 442?
4
What is the thousands digit of 10689?
0
What is the units digit of 345?
5
What is the hundreds digit of 21074?
0
What is the hundreds digit of 156?
1
What is the thousands digit of 26038?
6
What is the thousands digit of 6152?
6
What is the units digit of 4473?
3
What is the units digit of 149?
9
What is the units digit of 892?
2
What is the thousands digit of 1361?
1
What is the thousands digit of 2257?
2
What is the hundreds digit of 122443?
4
What is the ten thousands digit of 58836?
5
What is the thousands digit of 26837?
6
What is the thousands digit of 1651?
1
What is the hundreds digit of 17014?
0
What is the thousands digit of 34388?
4
What is the thousands digit of 4630?
4
What is the thousands digit of 111170?
1
What is the ten thousands digit of 14584?
1
What is the thousands digit of 143905?
3
What is the tens digit of 9591?
9
What is the units digit of 2328?
8
What is the thousands digit of 16449?
6
What is the tens digit of 38368?
6
What is the hundreds digit of 1679?
6
What is the thousands digit of 114911?
4
What is the tens digit of 13584?
8
What is the thousands digit of 7262?
7
What is the hundred thousands digit of 183496?
1
What is the units digit of 3274?
4
What is the units digit of 2563?
3
What is the hundreds digit of 11671?
6
What is the ten thousands digit of 45433?
4
What is the units digit of 9247?
7
What is the tens digit of 4065?
6
What is the hundreds digit of 957?
9
What is the tens digit of 68141?
4
What is the hundreds digit of 2042?
0
What is the tens digit of 8585?
8
What is the tens digit of 1610?
1
What is the thousands digit of 53081?
3
What is the thousands digit of 1663?
1
What is the thousands digit of 1888?
1
What is the units digit of 1502?
2
What is the units digit of 87396?
6
What is the hundreds digit of 23565?
5
What is the tens digit of 15948?
4
What is the tens digit of 978?
7
What is the tens digit of 1363?
6
What is the units digit of 4030?
0
What is the units digit of 951?
1
What is the ten thousands digit of 14332?
1
What is the tens digit of 6871?
7
What is the hundreds digit of 60059?
0
What is the tens digit of 7272?
7
What is the hundreds digit of 3195?
1
What is the hundreds digit of 12923?
9
What is the units digit of 7491?
1
What is the hundreds digit of 716?
7
What is the tens digit of 36609?
0
What is the thousands digit of 18764?
8
What is the tens digit of 3192?
9
What is the un